{"version":"1.0","provider_name":"Muraplast d.o.o.","provider_url":"https:\/\/muraplast.com\/de\/","author_name":"Marko Kedmenec","author_url":"https:\/\/muraplast.com\/de\/author\/marko\/","title":"Muraplast auf der Fachpack 2025 | Muraplast d.o.o.","type":"rich","width":600,"height":338,"html":"<blockquote class=\"wp-embedded-content\" data-secret=\"H9upGzz9xa\"><a href=\"https:\/\/muraplast.com\/de\/muraplast-auf-der-fachpack-2025\/\">Muraplast auf der Fachpack 2025<\/a><\/blockquote><iframe sandbox=\"allow-scripts\" security=\"restricted\" src=\"https:\/\/muraplast.com\/de\/muraplast-auf-der-fachpack-2025\/embed\/#?secret=H9upGzz9xa\" width=\"600\" height=\"338\" title=\"&#8222;Muraplast auf der Fachpack 2025&#8220; &#8211; Muraplast d.o.o.\" data-secret=\"H9upGzz9xa\" frameborder=\"0\" marginwidth=\"0\" marginheight=\"0\" scrolling=\"no\" class=\"wp-embedded-content\"><\/iframe><script type=\"text\/javascript\">\n\/* <![CDATA[ *\/\n\/*! This file is auto-generated *\/\n!function(d,l){\"use strict\";l.querySelector&&d.addEventListener&&\"undefined\"!=typeof URL&&(d.wp=d.wp||{},d.wp.receiveEmbedMessage||(d.wp.receiveEmbedMessage=function(e){var t=e.data;if((t||t.secret||t.message||t.value)&&!\/[^a-zA-Z0-9]\/.test(t.secret)){for(var s,r,n,a=l.querySelectorAll('iframe[data-secret=\"'+t.secret+'\"]'),o=l.querySelectorAll('blockquote[data-secret=\"'+t.secret+'\"]'),c=new RegExp(\"^https?:$\",\"i\"),i=0;i<o.length;i++)o[i].style.display=\"none\";for(i=0;i<a.length;i++)s=a[i],e.source===s.contentWindow&&(s.removeAttribute(\"style\"),\"height\"===t.message?(1e3<(r=parseInt(t.value,10))?r=1e3:~~r<200&&(r=200),s.height=r):\"link\"===t.message&&(r=new URL(s.getAttribute(\"src\")),n=new URL(t.value),c.test(n.protocol))&&n.host===r.host&&l.activeElement===s&&(d.top.location.href=t.value))}},d.addEventListener(\"message\",d.wp.receiveEmbedMessage,!1),l.addEventListener(\"DOMContentLoaded\",function(){for(var e,t,s=l.querySelectorAll(\"iframe.wp-embedded-content\"),r=0;r<s.length;r++)(t=(e=s[r]).getAttribute(\"data-secret\"))||(t=Math.random().toString(36).substring(2,12),e.src+=\"#?secret=\"+t,e.setAttribute(\"data-secret\",t)),e.contentWindow.postMessage({message:\"ready\",secret:t},\"*\")},!1)))}(window,document);\n\/\/# sourceURL=https:\/\/muraplast.com\/wp-includes\/js\/wp-embed.min.js\n\/* ]]> *\/\n<\/script>\n","thumbnail_url":"https:\/\/muraplast.com\/wp-content\/uploads\/2025\/09\/Muraplast-na-sajmu-Fachpack-2025-a.jpg","thumbnail_width":1100,"thumbnail_height":687,"description":"Wir freuen uns, Sie auf der FachPack 2025 \u2013 der europ\u00e4ischen Fachmesse f\u00fcr Verpackung, Technik und Prozesse \u2013 vom 23. bis 25. September 2025 in N\u00fcrnberg, Deutschland begr\u00fc\u00dfen zu d\u00fcrfen. Besuchen Sie uns in Halle 4, Stand 309, lernen Sie unser Team kennen und entdecken Sie, wie wir gemeinsam mit Verpackungen einen Unterschied machen k\u00f6nnen."}

Wir freuen uns, Sie auf der FachPack 2025 – der europäischen Fachmesse für Verpackung, Technik und Prozesse – vom 23. bis 25. September 2025 in Nürnberg, Deutschland begrüßen zu dürfen. Besuchen Sie uns in Halle 4, Stand 309, lernen Sie unser Team kennen und entdecken Sie, wie wir gemeinsam mit Verpackungen einen Unterschied machen können.
